to base 5
203312
What is 650 (base 12) in base 5?
12144
Convert -1100010011 (base 2) to base 10.
-787
Convert 1ba68 (base 14) to base 6.
1303032
Convert 36dc (base 16) to base 4.
3123130
Convert -332 (base 7) to base 14.
-c2
What is 390 (base 11) in base 14?
250
What is 2675 (base 9) in base 6?
13152
Convert a5d (base 14) to base 7.
5646
What is -10111011011 (base 2) in base 13?
-8b4
Convert 30b3 (base 13) to base 10.
6737
-10563 (base 11) to base 9
-23006
What is 302 (base 8) in base 10?
194
Convert 17821 (base 9) to base 5.
343311
211130 (base 5) to base 7
26345
Convert 230330 (base 4) to base 14.
1096
What is -110240 (base 5) in base 15?
-11ea
714 (base 8) to base 11
389
What is -422320 (base 6) in base 8?
-102710
9b7 (base 16) to base 10
2487
122111 (base 3) to base 7
1243
-142 (base 6) to base 14
-46
Convert 1703 (base 12) to base 6.
20403
Convert 1001011010000110 (base 2) to base 16.
9686
Convert -382 (base 10) to base 9.
-464
5714 (base 10) to base 5
140324
What is -1640 (base 7) in base 8?
-1231
What is -22466 (base 7) in base 13?
-27bc
13023 (base 4) to base 6
2043
Convert 1a11 (base 13) to base 2.
111100111101
8561 (base 10) to base 15
280b
Convert -80c (base 14) to base 10.
-1580
What is -4ab (base 14) in base 15?
-425
Convert -27d7 (base 14) to base 7.
-26360
What is -332201 (base 5) in base 9?
-16754
What is a46 (base 11) in base 2?
10011101100
What is -3a4 (base 12) in base 7?
-1423
What is -10606 (base 11) in base 9?
-23071
Convert 7c65 (base 15) to base 9.
40215
Convert 530 (base 8) to base 16.
158
Convert 4187 (base 15) to base 8.
33034
Convert -17a6 (base 12) to base 2.
-101100101110
What is -1031502 (base 6) in base 5?
-3112232
Convert -1c43 (base 13) to base 6.
-31452
Convert 348 (base 10) to base 15.
183
Convert -16842 (base 9) to base 11.
-8805
What is -11123 (base 10) in base 3?
-120020222
-1101011010110001 (base 2) to base 15
-11441
-1402414 (base 5) to base 13
-cc71
What is 1141 (base 16) in base 7?
15610
-12920 (base 10) to base 4
-3021320
What is -6698 (base 13) in base 2?
-11011111110001
Convert 111000020 (base 3) to base 6.
111523
Convert 47d (base 15) to base 14.
52a
332410 (base 6) to base 11
19981
What is 212221 (base 3) in base 4?
22012
-5917 (base 12) to base 15
-2e3a
-4731 (base 8) to base 4
-213121
-2080 (base 9) to base 3
-2002200
Convert -101100011 (base 2) to base 10.
-355
Convert 6431 (base 14) to base 9.
25642
Convert -102113 (base 4) to base 8.
-2227
What is 11302 (base 5) in base 8?
1473
What is 1046 (base 12) in base 10?
1782
-5217 (base 9) to base 3
-12020121
What is 324343 (base 7) in base 5?
3304043
-52990 (base 10) to base 13
-1b172
4671 (base 9) to base 8
6612
Convert -5186 (base 10) to base 2.
-1010001000010
Convert 2767 (base 11) to base 16.
dfe
What is 1280 (base 13) in base 2?
101001001111
Convert -28647 (base 9) to base 4.
-10300123
What is -320100 (base 4) in base 12?
-2100
Convert -102110 (base 3) to base 5.
-2214
111101110011 (base 2) to base 7
14350
Convert -358 (base 9) to base 12.
-208
234 (base 11) to base 4
10113
Convert -3571 (base 10) to base 13.
-1819
What is -1002200212 (base 3) in base 4?
-11102102
1002021 (base 3) to base 13
48a
What is -1270 (base 14) in base 15?
-e59
What is 347 (base 8) in base 3?
22120
What is -1021011 (base 3) in base 14?
-49c
Convert 12114 (base 12) to base 3.
1020101221
-31 (base 10) to base 14
-23
Convert 50362 (base 8) to base 4.
11003302
Convert 176542 (base 8) to base 15.
14346
Convert -1000010 (base 3) to base 10.
-732
-1221 (base 6) to base 7
-610
Convert -32424 (base 10) to base 13.
-119b2
What is -1a925 (base 11) in base 12?
-149a3
What is 286 (base 9) in base 7?
462
1000 (base 4) to base 11
59
-21120 (base 4) to base 6
-2440
What is 69a (base 12) in base 4?
33112
What is -20202 (base 3) in base 9?
-222
Convert 147 (base 12) to base 8.
307
Convert 12020120 (base 3) to base 2.
111011101110
Convert 1100431 (base 5) to base 13.
8783
What is 88 (base 11) in base 9?
116
Convert 13141 (base 5) to base 15.
49b
Convert -233 (base 5) to base 9.
-75
Convert 31343 (base 6) to base 2.
1000010001111
What is -3555 (base 7) in base 2?
-10100100010
What is 1022211212 (base 3) in base 15?
7b22
What is 1101112 (base 4) in base 12?
301a
What is 828 (base 14) in base 9?
2172
-10101010110101 (base 2) to base 15
-338d
Convert 66 (base 10) to base 2.
1000010
Convert 7062 (base 9) to base 10.
5159
122101 (base 3) to base 8
725
What is 11215 (base 8) in base 7?
16563
Convert -103132211 (base 4) to base 2.
-10011011110100101
Convert 1244 (base 5) to base 3.
21101
Convert 10301 (base 11) to base 16.
3a9d
Convert -9535 (base 11) to base 5.
-400442
1101110 (base 3) to base 4
33303
Convert -972 (base 13) to base 4.
-121032
Convert -13647 (base 8) to base 2.
-1011110100111
-b521 (base 15) to base 9
-57454
-bc5 (base 13) to base 16
-7e4
Convert 144 (base 6) to base 14.
48
100101011100001 (base 2) to base 13
8957
Convert 4921 (base 11) to base 2.
1100100100100
3ea5 (base 15) to base 7
54104
-330 (base 8) to base 13
-138
Convert 475 (base 10) to base 7.
1246
Convert -32414 (base 7) to base 8.
-17640
Convert 2126 (base 8) to base 10.
1110
What is -982 (base 14) in base 13?
-b16
1123 (base 15) to base 5
104013
What is 465 (base 9) in base 14?
1d5
3c0 (base 14) to base 6
3300
Convert -3404 (base 5) to base 2.
-111011111
-564 (base 11) to base 4
-22203
What is -200323 (base 4) in base 5?
-31412
-736 (base 8) to base 12
-33a
What is 12631 (base 7) in base 13?
171a
Convert 42205 (base 8) to base 7.
102066
What is -27a (base 13) in base 6?
-2011
Convert -14768 (base 11) to base 12.
-10106
-4131 (base 10) to base 15
-1356
Convert 1100010110111 (base 2) to base 10.
6327
Convert -1001000 (base 5) to base 12.
-9146
What is 12320 (base 4) in base 12?
308
What is 1a7e (base 15) in base 11?
4352
-1300 (base 4) to base 11
-a2
Convert 2014133 (base 5) to base 3.
1122110200
What is -21110 (base 5) in base 15?
-63a
Convert 1ac8 (base 15) to base 14.
2193
What is -b33 (base 13) in base 4?
-131231
Convert 32260 (base 9) to base 2.
101001101101101
Convert -3120 (base 5) to base 6.
-1522
Convert -27a (base 11) to base 2.
-101001001
426 (base 16) to base 7
3045
Convert -10001000001010 (base 2) to base 16.
-220a
-52f (base 16) to base 4
-110233
Convert 1123 (base 8) to base 14.
307
-2e2 (base 16) to base 8
-1342
What is 604 (base 8) in base 14?
1da
Convert -12110 (base 3) to base 13.
-b4
What is -11368 (base 10) in base 3?
-120121001
5134 (base 6) to base 10
1138
What is -1220200012 (base 3) in base 2?
-1001001100100110
431023 (base 5) to base 9
21815
Convert 35020 (base 9) to base 13.
a81b
Convert d31 (base 14) to base 2.
101000011111
Convert -12224 (base 10) to base 6.
-132332
Convert 111111100 (base 2) to base 4.
13330
Convert 72b (base 14) to base 8.
2603
17b98 (base 12) to base 16
86e4
Convert 9896 (base 14) to base 11.
18917
What is -2765 (base 9) in base 15?
-93e
What is 110000220 (base 3) in base 13?
3cba
Convert -40b1 (base 15) to base 2.
-11010101100010
12554 (base 7) to base 13
16c4
-53747 (base 8) to base 5
-1210003
What is -42116 (base 7) in base 2?
-10100001110000
What is 273a (base 11) in base 8?
6740
Convert -2cc5 (base 15) to base 5.
-302020
What is -44b (base 14) in base 12?
-5ab
99a (base 13) to base 15
74d
Convert -6666 (base 8) to base 2.
-110110110110
Convert -3758 (base 11) to base 10.
-4903
Convert 62175 (base 8) to base 9.
38253
What is 2240 (base 9) in base 7?
4554
What is -5510 (base 6) in base 5?
-20031
What is -9066 (base 13) in base 3?
-1000020110
6302 (base 8) to base 11
24aa
6789 (base 15) to base 12
10856
What is -4925 (base 10) in base 16?
-133d
5005 (base 11) to base 7
25263
Convert 21554 (base 7) to base 4.
1110311
What is 636 (base 14) in base 4?
103020
-561 (base 8) to base 2
-101110001
What is 923 (base 13) in base 11?
118a
Convert -809 (base 12) to base 14.
-5cd
-5225 (base 16) to base 15
-636e
What is -4a9 (base 16) in base 5?
-14233
What is -1101010010110 (base 2) in base 9?
-10302
4415 (base 6) to base 15
47e
-5557 (base 10) to base 11
-41a2
280 (base 13) to base 4
12322
What is -186 (base 16) in base 8?
-606
Convert -101000010 (base 2) to base 16.
-142
-1010101110 (base 2) to base 8
-1256
Convert -3190 (base 11) to base 7.
-15166
What is 18926 (base 10) 